4 - 5*s**3/6 + s**2 + 320*s. Suppose 2*r - 7*r - 2*y = 12, -3*r - 4 = 2*y. Determine u(r).
-17
Let a(l) = 2*l**3 + l**2 - 3*l - 1. Let w = -125 + 123. Determine a(w).
-7
Let y(q) = 15*q**2 - 1 - 5*q**2 - 5*q - q - 11*q**2. Suppose 16 = -2*o + 4. What is y(o)?
-1
Let n be (18/14 - 1) + (-264)/42. Let u(m) = -2*m**2 - 9*m - 1. Calculate u(n).
-19
Let q be (-77)/(-21) + (-2)/(-6). Let b(h) = 40 - 42 - h + 0*h. Give b(q).
-6
Let i(u) be the second derivative of -11*u**5/20 - u**2/2 - u - 56. Suppose 0 = -2*f + 3*n - 7*n + 14, -n = 5*f + 1. What is i(f)?
10
Let d(w) = w**3 + 12*w**2 + 13*w + 16. Suppose -34*f + 8*f = 286. Calculate d(f).
-6
Suppose 0 = -3*z - 5*p - 9, 3*p + 10 + 1 = z. Let k(n) be the first derivative of n**4/4 - 2*n**3/3 - n**2/2 - 121. Give k(z).
-2
Let g(d) be the first derivative of -d**6/120 - d**5/20 - d**4/24 + d**3/6 - 7*d**2/2 + 20. Let f(h) be the second derivative of g(h). What is f(-2)?
-1
Let k(z) = -5*z**2 - 6*z - 3. Suppose -5*u + 2*c - 42 = -2*c, u = 4*c - 18. Let q(x) = 1855*x - x**2 - 1855*x. Let f(n) = u*q(n) + k(n). What is f(5)?
-8
Let j be (3 - 2) + 0 + -4. Let i(y) = y**3 - 12*y**2 + 12*y - 11. Let q be i(11). Let z(t) = t + q + 2 - t**3 + 0*t**2 - 4*t - 3*t**2. Determine z(j).
11
Suppose 4*x - 8 = 4*g, 5*g - x + 4*x = 22. Let l(k) = 11*k - 14*k - 7 + g*k. What is l(7)?
-14
Let b(i) = i**3 + 5*i**2 - 14*i + 4. Suppose 5*g - 13 = 4*r, r + 1 = 9*g - 7*g. Calculate b(r).
4
Let o(b) = -b**3 + 11*b**2 + 11*b + 13. Let m be o(12). Let w be -15*(m - 44/20). Let f(h) = -w + 18 - 2*h. What is f(1)?
-2
Let x(g) = 5*g - 1. Let n(a) = a**3 - 5*a**2 + 5*a - 4. Let j be n(3). Let s = j - -7. Suppose -4*m + 3*p = p + 6, s = -2*p + 2. Determine x(m).
-6
Let u(o) = -2*o + 1 + o**2 + 0*o**2 - 3 - 10 + 15*o. Give u(-12).
-24
Let x(z) be the first derivative of -z**2 - 13*z + 381. Calculate x(-3).
-7
Let j(l) = -24*l - 27. Let p be j(-1). Let c(k) = -k**3 - 4*k**2 - 3*k + 2. Calculate c(p).
2
Let p(y) = -3. Suppose -5*l = 5*g - 20, -l = 2*g + 2*g - 7. Let w(q) = -q - 4. Let m be 1*(2 + -2*4). Let k(s) = l*w(s) + m*p(s). Determine k(4).
-6
Suppose 9*s + 6 = -21. Let r(g) = -7*g**2 + 5*g - 4. Let n(c) = -6*c**2 + 4*c - 3. Let t(w) = -6*n(w) + 5*r(w). What is t(s)?
4
Let d(u) = 3*u**2 + 4*u + 6. Let l(b) = 2*b**2 + 1. Let v(p) = -d(p) + 2*l(p). What is v(5)?
1
Let l(q) be the first derivative of -5*q**3/3 + q**2 + 2*q + 325. What is l(2)?
-14
Suppose -v - 7 = -h - 4, 3*h - 11 = 5*v. Let q(n) = -2 + 47*n**h - 50*n**2 + 1. What is q(1)?
-4
Let d(h) = -33*h - 5. Suppose c = 6*c - 40. Let t(b) = 22*b + 3. Let l be (-3)/(-15) - 48/(-10). Let n(p) = c*t(p) + l*d(p). Calculate n(1).
10
Let x(f) = -f**3 + f + 23. Let d be x(0). Let w(s) = d - 7 - 6 - 12 + s. Determine w(2).
0
Let v(i) = -5*i**3 - 2*i - 1. Suppose 4*n = -6*n + 50. Suppose -n - 4 = 9*f. Determine v(f).
6
Let g(x) = -x**3 - 3*x**2 + 6*x + 3. Let u(v) = 3*v**2 - 4*v + 5. Let i be u(2). Suppose 0 = -12*t + i*t - 12. Determine g(t).
-5
Let t(o) = 2*o + 33. Let s(v) = -v - 1. Let i(u) = 4*s(u) + t(u). Determine i(17).
-5
Let r(i) = -2*i + 11. Suppose 141 = 4*p + 113. Calculate r(p).
-3
Let c(h) = 75*h - 231. Let j(f) = 3*f - 9. Let k(q) = 2*c(q) - 51*j(q). Suppose 3*b + 2*a = -1, 0 = -5*b + 4*a - 12 - 19. Calculate k(b).
6
Let a(q) = 3*q - 3. Suppose -10 = o - 5*s, 0*o - 2*o = s - 13. Let z = o - 2. What is a(z)?
6
Let h(n) be the first derivative of 0*n - 1/360*n**6 + 2*n**3 + 5 - 1/60*n**5 + 0*n**4 + 0*n**2. Let b(v) be the third derivative of h(v). Give b(-2).
0
Let f(o) = -39*o - 14. Let w(m) = -28*m - 9. Let d(h) = 5*f(h) - 7*w(h). Calculate d(13).
6
Let n(o) = o - 1. Let s(d) = 3*d - 1. Let q(a) = -6*n(a) + 3*s(a). Determine q(-4).
-9
Let z(g) be the third derivative of -g**7/5040 + g**6/240 - 7*g**5/60 + 20*g**2. Let v(w) be the third derivative of z(w). Determine v(4).
-1
Let r(y) = 2*y + 6. Let o be r(-2). Let d be (-18)/(-27)*o/4*-3. Let f(t) = -3*t**2 + t. Give f(d).
-4
Let j(y) = y - 6 - 3 + 2 + 6 - 2. Determine j(1).
-2
Let t(d) = -d**2 + 3*d + 3. Let g be t(3). Let n(x) = 13*x**3 + 9*x**2 + 8*x. Let p(a) = -8*a**3 - 5*a**2 - 4*a. Let j(f) = -3*n(f) - 5*p(f). Determine j(g).
-3
Let h(z) be the third derivative of -5*z**4/24 - z**3 + z**2 - 102. Determine h(-5).
19
Let n(f) = f + 4. Let o(v) be the third derivative of 1/8*v**4 + 0*v + 6*v**2 + 0 + 5/2*v**3. Let g be o(-7). Determine n(g).
-2
Suppose 3*i = -1 - 5. Let d be (i + 2)/(-1 + -1). Let q(p) be the second derivative of -p**5/20 + p**4/12 - p**3/6 - 3*p**2 - 18*p. Calculate q(d).
-6
Let r = 17 + -10. Suppose 0 = -s - d + 4 + r, 2*d + 55 = 5*s. Let a = s - 9. Let l(u) = 2*u**2 - 2*u - 2. Give l(a).
2
Let o(q) = -q**3 - 9*q**2 + 2*q**2 - q + 6*q**2. Calculate o(-1).
1
Suppose 2*b - 336 = -346. Let x(q) = -q**3 - 4*q**2 + 6*q + 7. Calculate x(b).
2
Suppose -r = -0 - 2. Suppose 2*l - r*y = -8, -21 = -3*y - 9. Let z(j) = -1 + l*j**3 - 7*j**2 + 7*j - j**3 + 2*j**3. Give z(6).
5
Let f(z) = z**3 - z**2 + z + 10. Let n be f(0). Suppose n = -3*t + 22. Let u = t - 7. Let l(y) = y**3 + 4*y**2 + 2*y + 1. Determine l(u).
4
Let a(x) = -9*x**3. Suppose 68 = -12*o + 14*o. Let n = 33 - o. Determine a(n).
9
Let d(q) be the second derivative of -q**3/3 - 7*q**2/2 + 17*q. Let s = 96 - 105. Calculate d(s).
11
Let j(w) be the third derivative of -w**6/360 - w**5/20 + w**4/24 - 41*w**3/6 - 20*w**2. Let n(y) be the first derivative of j(y). Determine n(-6).
1
Let b(c) = -c**3 - 3*c - 1. Let a(p) = 8*p**3 - 10*p**3 + 0*p**3 - 3 + p**2 - 5*p. Suppose 2 = -j - 1. Let i(v) = j*a(v) + 5*b(v). Determine i(3).
4
Let s(a) = a. Let i(w) = 3*w - 7. Let h(x) = i(x) - 2*s(x). What is h(0)?
-7
Let m(f) = -f**2 + f + 1. Let o(q) = q**3 - 9*q**2 + 5*q + 4. Let g(z) = -5*m(z) + o(z). Let k = 14 + -10. Calculate g(k).
-1
Let r(y) be the first derivative of y**4/4 - 7*y**3/3 + 3*y**2 + 6*y - 16. Calculate r(6).
6
Let u be ((-27)/(-18) - (-1)/6)*-3. Let z(y) = y**3 + 6 - y - 2*y**2 - 3*y**2 + 10*y**2. Determine z(u).
11
Let c(y) = -y**2 + 2*y - 4. Let f(t) be the third derivative of t**5/60 + 7*t**4/12 - 2*t**3/3 + 10*t**2. Let j be f(-15). Let m = -6 + j. Give c(m).
-19
Let x(s) be the first derivative of s**4/4 - 7*s**3/3 - 9*s**2/2 + 6*s - 12. Suppose 4 = 3*l - 4*f, -l + 5*l = -5*f + 57. What is x(l)?
-2
Let n(h) = -4*h**2 - 6*h + h**2 + 2*h**2 - 10*h - 3 + 5*h. Calculate n(-5).
27
Let n be 3/2*30/5. Suppose 2*w + n = 11. Let a(s) = 4*s**3 - 5*s**2 + 4*s + 6. Let g(z) = z**3 - z**2 + z + 1. Let h(t) = -a(t) + 5*g(t). Give h(w).
1
Let t = -514 + 524. Let y(d) = d**3 - 10*d**2 - d - 1. Determine y(t).
-11
Let m(y) be the first derivative of -y**3/3 - 8*y**2 + 24*y + 443. Calculate m(-18).
-12
Let l(b) = b**2 + 1. Let m(p) = 9*p**2 - 2*p + 3. Let n = 16 - 9. Let z be 4/10 - n/5. Let k(s) = z*m(s) + 2*l(s). Give k(1).
-6
Let w(a) be the third derivative of -a**5/60 + a**4/24 + 19*a**3/6 - 14*a**2 - 3. Calculate w(0).
19
Let m(j) = j**3 - 7*j**2 + 7*j + 6. Let u(s) = -3 + s + 0 + 1 + 1. Let y be u(0). Let n = 7 + y. Determine m(n).
12
Let j(b) = -4*b + 1 + 8*b - b + 4*b. Determine j(-2).
-13
Let r(w) = w**3 + 5*w**2 + w - 1. Let b be ((-6)/10)/(10/(-50)). Suppose -b*g - u - 10 = 0, -5*g - 2*u = u + 10. Give r(g).
-6
Suppose 0 = -2*v + 58 - 72. Let q(d) = d - 9. What is q(v)?
-16
Let o(y) be the first derivative of y**4/4 - 8*y**3/3 + 9*y**2/2 - 7*y - 133. Calculate o(7).
7
Let g(d) be the first derivative of -d**4/4 - 5*d**3/3 + 4*d**2 + 5*d + 15. Suppose 0 = -3*a - 0*a - 18. What is g(a)?
-7
Let d(o) = o - 1. Let p(a) = -8*a + 6. Let c(v) = d(v) + p(v). Let w(i) = 3*i - 2. Let l(u) = 2*c(u) + 5*w(u). Let k be (-1 - 0)/1*5. What is l(k)?
-5
Let a(v) be the second derivative of v**3/2 - v**2 + v. Let c(w) = -w + 1. Let n(u) = u**2 - 16*u + 17. Let g(l) = 5*c(l) - n(l). Let t be g(10). What is a(t)?
-8
Let y(p) be the second derivative of -p**5/20 + p**4/2 + 5*p**3/6 + 4*p**2 + 7*p. Let x be y(7). Let c(k) = k**2 + 6*k - 4. Calculate c(x).
-4
Let i(m) = -m**2 - 2*m - 2. Let v(n) = -7*n**2 - 9*n - 12. Let b(c) = -6*i(c) + v(c). Let y = 3 + 0. Determine b(y).
0
Let n(i) be the first derivative of -1/3*i**3 + 3*i**2 - 4 - 4*i. Let a be (0 - (-9)/27)*18. Give n(a).
-4
Suppose -2*t + 7 = p, 0 = 4*p - 57*t + 59*t - 16. Let m(d) = -d**3 + 6*d**2 - 8*d + 2. Wha